is divided by 27?
22
What is the remainder when 583 is divided by 15?
13
Calculate the remainder when 77 is divided by 16.
13
Calculate the remainder when 375 is divided by 94.
93
Calculate the remainder when 99 is divided by 12.
3
What is the remainder when 1438 is divided by 259?
143
What is the remainder when 401 is divided by 15?
11
Calculate the remainder when 16195 is divided by 91.
88
What is the remainder when 2136 is divided by 23?
20
What is the remainder when 225 is divided by 19?
16
What is the remainder when 395 is divided by 35?
10
Calculate the remainder when 17 is divided by 11.
6
What is the remainder when 264 is divided by 85?
9
Calculate the remainder when 507 is divided by 165.
12
What is the remainder when 1616 is divided by 108?
104
Calculate the remainder when 188 is divided by 20.
8
What is the remainder when 965 is divided by 57?
53
Calculate the remainder when 370 is divided by 22.
18
Calculate the remainder when 72 is divided by 66.
6
Calculate the remainder when 638 is divided by 40.
38
What is the remainder when 107 is divided by 36?
35
What is the remainder when 438 is divided by 49?
46
What is the remainder when 108 is divided by 8?
4
Calculate the remainder when 40 is divided by 15.
10
What is the remainder when 1825 is divided by 61?
56
Calculate the remainder when 44 is divided by 12.
8
What is the remainder when 1317 is divided by 8?
5
Calculate the remainder when 44978 is divided by 260.
258
What is the remainder when 387 is divided by 66?
57
Calculate the remainder when 176 is divided by 5.
1
Calculate the remainder when 86 is divided by 10.
6
Calculate the remainder when 45 is divided by 13.
6
Calculate the remainder when 16 is divided by 2.
0
What is the remainder when 195 is divided by 66?
63
What is the remainder when 763 is divided by 110?
103
Calculate the remainder when 155 is divided by 32.
27
Calculate the remainder when 166 is divided by 56.
54
Calculate the remainder when 142 is divided by 58.
26
Calculate the remainder when 26 is divided by 2.
0
What is the remainder when 29 is divided by 28?
1
Calculate the remainder when 866 is divided by 220.
206
Calculate the remainder when 664 is divided by 29.
26
Calculate the remainder when 257 is divided by 25.
7
Calculate the remainder when 291 is divided by 25.
16
Calculate the remainder when 269 is divided by 33.
5
Calculate the remainder when 679 is divided by 20.
19
Calculate the remainder when 845 is divided by 27.
8
What is the remainder when 488 is divided by 55?
48
What is the remainder when 19 is divided by 6?
1
Calculate the remainder when 392 is divided by 124.
20
Calculate the remainder when 796 is divided by 19.
17
What is the remainder when 1625 is divided by 146?
19
What is the remainder when 4418 is divided by 67?
63
What is the remainder when 103 is divided by 22?
15
What is the remainder when 256 is divided by 95?
66
What is the remainder when 352 is divided by 94?
70
Calculate the remainder when 1319 is divided by 40.
39
Calculate the remainder when 151 is divided by 13.
8
Calculate the remainder when 640 is divided by 38.
32
Calculate the remainder when 91 is divided by 25.
16
Calculate the remainder when 152 is divided by 106.
46
Calculate the remainder when 13919 is divided by 116.
115
What is the remainder when 658 is divided by 39?
34
What is the remainder when 116 is divided by 52?
12
What is the remainder when 7731 is divided by 17?
13
Calculate the remainder when 521 is divided by 75.
71
Calculate the remainder when 37104 is divided by 217.
214
What is the remainder when 798 is divided by 8?
6
Calculate the remainder when 9177 is divided by 102.
99
Calculate the remainder when 673 is divided by 159.
37
Calculate the remainder when 34 is divided by 6.
4
Calculate the remainder when 19 is divided by 11.
8
Calculate the remainder when 3740 is divided by 19.
16
What is the remainder when 338 is divided by 31?
28
What is the remainder when 1457 is divided by 37?
14
Calculate the remainder when 507 is divided by 17.
14
What is the remainder when 5863 is divided by 57?
49
What is the remainder when 788 is divided by 40?
28
What is the remainder when 439 is divided by 44?
43
What is the remainder when 136 is divided by 23?
21
What is the remainder when 1062 is divided by 76?
74
Calculate the remainder when 12063 is divided by 13.
12
Calculate the remainder when 24 is divided by 2.
0
What is the remainder when 5455 is divided by 107?
105
Calculate the remainder when 4444 is divided by 139.
135
Calculate the remainder when 1218 is divided by 53.
52
Calculate the remainder when 210 is divided by 34.
6
Calculate the remainder when 2001 is divided by 953.
95
Calculate the remainder when 473 is divided by 12.
5
What is the remainder when 9986 is divided by 22?
20
What is the remainder when 90 is divided by 23?
21
Calculate the remainder when 27 is divided by 14.
13
What is the remainder when 244 is divided by 83?
78
What is the remainder when 546 is divided by 64?
34
Calculate the remainder when 913 is divided by 102.
97
Calculate the remainder when 127 is divided by 30.
7
What is the remainder when 740 is divided by 354?
32
Calculate the remainder when 241 is divided by 31.
24
What is the remainder when 95 is divided by 49?
46
Calculate the remainder when 452 is divided by 76.
72
What is the remainder when 805 is divided by 28?
21
Calculate the remainder when 9795 is divided by 1398.
9
Calculate the remainder when 895 is divided by 36.
31
Calculate the remainder when 1398 is divided by 23.
18
What is the remainder when 573 is divided by 53?
43
What is the remainder when 217 is divided by 64?
25
What is the remainder when 682 is divided by 114?
112
Calculate the remainder when 300 is divided by 81.
57
Calculate the remainder when 1279 is divided by 10.
9
What is the remainder when 84 is divided by 15?
9
Calculate the remainder when 1644 is divided by 35.
34
Calculate the remainder when 796 is divided by 134.
126
What is the remainder when 357 is divided by 121?
115
What is the remainder when 277 is divided by 34?
5
What is the remainder when 431 is divided by 15?
11
Calculate the remainder when 17169 is divided by 202.
201
What is the remainder when 343 is divided by 56?
7
Calculate the remainder when 348 is divided by 22.
18
What is the remainder when 351 is divided by 18?
9
What is the remainder when 856 is divided by 43?
39
What is the remainder when 2442 is divided by 602?
34
Calculate the remainder when 512 is divided by 106.
88
What is the remainder when 10003 is divided by 145?
143
What is the remainder when 456 is divided by 51?
48
Calculate the remainder when 991 is divided by 4.
3
What is the remainder when 239 is divided by 11?
8
What is the remainder when 484 is divided by 61?
57
What is the remainder when 254 is divided by 146?
108
What is the remainder when 102 is divided by 28?
18
What is the remainder when 374 is divided by 10?
4
Calculate the remainder when 1366 is divided by 32.
22
What is the remainder when 141 is divided by 38?
27
Calculate the remainder when 975 is divided by 16.
15
What is the remainder when 35278 is divided by 299?
295
What is the remainder when 345 is divided by 35?
30
Calculate the remainder when 69 is divided by 17.
1
What is the remainder when 262 is divided by 47?
27
What is the remainder when 425 is divided by 36?
29
Calculate the remainder when 314 is divided by 304.
10
Calculate the remainder when 139 is divided by 20.
19
What is the remainder when 497 is divided by 242?
13
Calculate the remainder when 685 is divided by 47.
27
Calculate the remainder when 22273 is divided by 33.
31
What is the remainder when 276 is divided by 171?
105
What is the remainder when 590 is divided by 18?
14
What is the remainder when 937 is divided by 336?
265
Calculate the remainder when 702 is divided by 8.
6
Calculate the remainder when 220 is divided by 87.
46
What is the remainder when 147 is divided by 30?
27
Calculate the remainder when 146 is divided by 133.
13
What is the remainder when 742 is divided by 8?
6
What is the remainder when 197 is divided by 105?
92
Calculate the remainder when 41621 is divided by 43.
40
What is the remainder when 753 is divided by 42?
39
Calculate the remainder when 1096 